 - 3*l + 4*g, -3*g = -2*l + 4. Let f = l - -3. What is the tens digit of f?
1
Suppose 23 = 5*c - 57. Let x = 22 - c. What is the units digit of (x/12)/(1/14)?
7
Suppose -3*j = 5*p - 71 - 48, 5*j - 2*p - 188 = 0. Suppose 5*h - 20 = 5. Suppose h*c = 5*l + 5, 0 = 3*c + 4*l - 0*l - j. What is the units digit of c?
6
Suppose -235 = -6*j - 67. What is the tens digit of j?
2
Let m(v) = -2*v - 7. Let r be m(5). Let o = -10 - r. What is the units digit of o?
7
Let t = 12 + 7. What is the units digit of t?
9
Suppose 0*h + h = 0. Suppose -20 = -0*m - 5*m + c, 5*m - 2*c - 20 = h. What is the units digit of m?
4
Let g(n) = -4*n - 9. What is the tens digit of g(-9)?
2
Let x(s) = -s**3 - 24*s**2 + 16*s - 22. What is the hundreds digit of x(-25)?
2
Let a = 158 - 113. What is the units digit of a?
5
Suppose 0 = 5*u + 2*j - 9 - 41, 2*u = -2*j + 20. Let p = u - 6. What is the units digit of p/6 - 40/(-12)?
4
Let s(p) = -p - 3. Let a be s(11). What is the tens digit of (-180)/(-7) - 4/a?
2
Let c(u) = -u**2 + 6*u - 3. Let l be c(5). Suppose -j = -l + 1. What is the units digit of j?
1
Suppose 5*g = 32 + 258. What is the tens digit of g?
5
Let s(o) = 15*o**2 + 4*o - 1. What is the tens digit of s(4)?
5
Suppose -2*v + 3*v - 3*q = 44, 5*v + 5*q - 120 = 0. What is the units digit of v?
9
Let x(q) = 128*q**3. What is the tens digit of x(1)?
2
Let j(v) = -v**2 + 9*v + 2. Let r be j(9). Suppose r*s - 4*s + 10 = 0. What is the units digit of s?
5
Let d be ((-3)/6)/((-3)/(-18)). What is the units digit of (d - -1) + -2 + 7?
3
Let c(g) = -g**3 + 13*g**2 - 10*g + 21. What is the units digit of c(11)?
3
Suppose -1 = -3*r + 14. Let t = -2 + r. What is the units digit of -6*((-1)/t - 0)?
2
Let u(z) = z**2 - z + 4. What is the units digit of u(-5)?
4
Suppose 0 = -b + 3*b + 3*h - 6, h + 11 = -5*b. Let c be (-2 - -2) + b/(-1). What is the units digit of 1/((-22)/(-7) - c)?
7
Suppose 396 = 4*k - 2*x, 0 = 4*k - 4*x - 88 - 300. What is the tens digit of k?
0
What is the hundreds digit of 1418/14 + 24/(-84)?
1
Let g = 8 - -2. What is the units digit of g?
0
Suppose 2*r = -n + 5, -r - 15 = -n + 5. What is the tens digit of n?
1
What is the units digit of 972/21 - ((-5)/7 - -1)?
6
Suppose -5*p + 3*q = -9, -2 = -4*q + 3*q. Suppose p*k = -u + 85, -k + 57 = k + u. What is the units digit of k?
8
Let m = -158 + 331. What is the tens digit of m?
7
Let m(j) = -j**2 - 4*j - 1. Let u be m(-3). Suppose 9 = z + u*z. Suppose -21 - 11 = -z*d - 4*p, 5*p - 13 = 3*d. What is the units digit of d?
4
Let g(q) = -7*q**2 + 3*q + 1. Let k(j) = -j**2 + j. Let d(c) = -g(c) + 4*k(c). What is the units digit of d(1)?
3
Let c(f) = f**3 + 2*f**2 - 4*f + 1. Let h(n) = -9 + 9 + 3*n. Let x be h(-1). What is the units digit of c(x)?
4
Suppose 5*w + 7 = 6*w. What is the tens digit of (2 - -1) + 301/w?
4
Let f be (11/3)/(2/12). Suppose -7*n = -5*n - f. What is the units digit of n?
1
Let t be 12/1*(-54)/8. Let n be (-1 - -2) + t/(-3). Suppose -5*y + 0*y + 2*u = -n, -12 = -5*y - 2*u. What is the units digit of y?
4
Suppose -4*l - a = -324, -3*a + 320 = 4*l - a. What is the tens digit of l?
8
Suppose 2*c - 112 = -0. What is the units digit of c?
6
Let s(j) = -5 - 3 + 4 - j. Let a be s(-4). Suppose a = -3*n + 12 + 12. What is the units digit of n?
8
Suppose 4*t + 12 = -2*f, t - 17 = 3*f + 6*t. Suppose -2*i - p = 2, i - 4*p + 10 = -0*i. What is the units digit of 1*(f/i - -4)?
6
Suppose -y - 1 = -2*v, 2*v = 4*y + 4 - 0. Let x be (v + 8)*(-3)/(-6). Let u = 6 + x. What is the units digit of u?
0
Suppose 28 = 8*b - 6*b. What is the units digit of b?
4
Let m = 0 - -5. Suppose 0 = m*x - 135. What is the units digit of x?
7
Let c = 2 + 0. What is the units digit of c?
2
Suppose -2*j - 5*s + 5 = 0, 5*s + 4 = -1. Suppose -5*f + j*l = -25, -4*f + 7 = -3*l - 10. What is the tens digit of ((-44)/6)/(f/(-3))?
1
Let o be (34/(-2) - -1)*-1. Let x be (-4)/(-2)*(-90)/(-20). Let p = o - x. What is the units digit of p?
7
Let z = -7 + 10. Let p(g) = g**2 + 2*g. Let a be p(-2). Let u = z + a. What is the units digit of u?
3
Suppose -u = i - 5, -i + 13 = 5*u - 4. What is the units digit of -1*u - (2 + -11)?
6
Suppose 0 = -2*n + 6*n + y + 263, 3*n + y = -196. Let u = -40 - n. What is the units digit of u?
7
Let h = -8 - -3. Let z(f) = -1 - 8*f - 4 + 0*f**3 - 1 + f**3 + 4*f**2. What is the units digit of z(h)?
9
Suppose -5*s - 2*l + 14 = 0, 5 = 4*s - 2*s + l. Suppose 17 = g - 5*o, -s*o = -2*g + 69 - 5. What is the units digit of g?
2
Suppose 2*w + n = -3*w + 394, 4*w + n = 315. Let g = 53 - w. Let x = 41 + g. What is the units digit of x?
5
Let t be 2/10 + 1521/45. Let x = t - 24. What is the units digit of x?
0
Let x(m) = -m**3 + 7*m**2 + 8. What is the units digit of x(7)?
8
Suppose -2*t + 62 = 4*u, -t = -5*t - 2*u + 130. What is the units digit of t?
3
Suppose 8*r = 4*r + 4. Let d be r*-2 + (2 - 0). Suppose 2*p - 17 = -4*i + 5, 4*i + 4*p - 32 = d. What is the units digit of i?
3
Suppose -i - 2*k - 2*k = -16, -2*k = -8. Suppose 0*d - 4*d + 76 = i. What is the units digit of d?
9
What is the units digit of 205 + (4/26 - 99/(-117))?
6
Suppose 2*k = -k - 5*r + 243, -k + 81 = 4*r. Suppose -24 - k = -5*n. What is the units digit of n?
1
Let v(o) = -2*o**3 - 4*o**2 - o + 2. What is the tens digit of v(-4)?
7
Let l(x) = -x - 2. Let v be l(-4). Suppose -4*z = -v*z + 6. What is the units digit of (-1)/z*(-6)/(-2)?
1
Let u be -2 + 2 - (-6)/(-1). What is the units digit of u/27 - 94/(-18)?
5
Let j be (274/8)/(1/(-4)). Let n = -82 - j. What is the units digit of n?
5
Let k(i) = -i - 4. Let r be k(-6). Suppose 4 = -0*u + r*u. Suppose 3*h = -5*y + u*y + 30, 4*y - 5*h = 31. What is the units digit of y?
9
Let m = 3 + -1. Suppose m*w + 5*f = -2*w + 49, f - 34 = -3*w. Let l = -7 + w. What is the units digit of l?
4
Suppose 25 = -5*o, -5*f - 4*o - 20 = -85. What is the units digit of f?
7
Let x = 1 + 1. Let p = 3 - x. What is the units digit of 7 - (2 + -3 - p)?
9
Let k = -30 + 48. What is the tens digit of k?
1
Let m be 4 - ((-1)/1)/(-1). Suppose -2*p = -0*p. Let n = m - p. What is the units digit of n?
3
Suppose -65 = 3*i - 194. What is the tens digit of i?
4
Suppose 3*h = h + 4. Suppose 0 = -h*i + 26 + 2. Suppose -x + i = x. What is the units digit of x?
7
Let k(q) = -q**3 - 4*q**2 + 5*q + 5. Let p be 6/(-2) - -1 - 3. Let f be k(p). What is the units digit of 2/f + (-63)/(-5)?
3
Suppose 2*f - 5*f - 4*i = 52, i = -3*f - 40. Let o = -8 - f. What is the units digit of o?
4
Let k be -21 - -3 - (1 - -1). Let c be ((-2)/(-4))/((-2)/k). Suppose -c*l + 37 + 8 = 0. What is the units digit of l?
9
Let v(w) = -4*w - 4. Let k be v(-5). Suppose 0 = 4*x - 8 - k. What is the units digit of x?
6
Let a be 9/6*(-16)/(-6). Suppose 0 = a*j - j. Suppose 3*s - 9 + 3 = j. What is the units digit of s?
2
Let u(c) = 2 + 29*c**2 + c**3 - 2 - 34*c**2. Let j be u(5). Suppose -5*t + t - 2*x + 22 = j, 2*t = 4*x + 26. What is the units digit of t?
7
Suppose 37 = 3*d - 3*q + 8*q, 4*q + 92 = 4*d. What is the units digit of d?
9
Suppose -v = v + 6. Let r = v - -3. Suppose 3*t - 8 = -2*c, 2*t = c - r*t - 4. What is the units digit of c?
4
Let f(p) = 3*p - 6. Let c be f(5). Let n be (-11)/44 + 49/4. What is the units digit of (-3)/9 + n/c?
1
Let v(y) = 3*y - 3. Let r be v(-4). Let g(a) = a**2 + 3*a + 4. Let u be g(-7). Let o = r + u. What is the tens digit of o?
1
Let o be 16/(-6)*(-12)/8. Let y = 2 + o. What is the units digit of y?
6
Let i(c) = 42*c**2 - c. What is the units digit of i(-1)?
3
Let l = 90 + -55. What is the tens digit of l?
3
Let w = 305 - 190. Suppose l = -4*l + w. What is the tens digit of l?
2
What is the tens digit of 1 - (-2*81 - 3)?
6
What is the units digit of -5 + 60 - 3/1?
2
Let z(p) = -p**3 + 8*p**2 + 6*p - 12. Let d be 3 + 1/((-1)/(-5)). What is the units digit of z(d)?
6
Let c(s) = s**2 - 6*s - 6. Let h be c(7). What is the units digit of 2 - (-3 - -1 - h)?
5
What is the tens digit of 134*(6/4 + -1)?
6
Let d(m) = -m**2 - 3*m + 3. Let j be 1*(-1 + -2 + 0). Let k be d(j). Suppose 0 = 2*s - 5*u + k - 29, 2*s - 18 = u. What is the units digit of s?
8
Let t(p) = p**2 - 4*p - 3. Let h be t(5). Let x(c) = -c**2 + 4. Let g be x(0). Suppose -5*s = -g*s - h. What is the units digit of s?
2
What is the units digit of (4/10)/((-4)/(-420))?
2
What is the tens digit of (-